ate the highest common divisor of 3652 and 3812356.
332
What is the greatest common divisor of 8191 and 160?
1
What is the highest common factor of 17024546 and 908?
454
Calculate the greatest common factor of 704 and 4047208.
88
What is the highest common factor of 324 and 11763540?
36
Calculate the greatest common divisor of 82556012 and 77.
77
What is the highest common factor of 158 and 481257493?
79
Calculate the greatest common factor of 108 and 66912507.
27
Calculate the highest common divisor of 110 and 714949730.
110
What is the greatest common divisor of 187 and 3122747?
17
Calculate the greatest common factor of 84071757 and 11.
11
What is the highest common divisor of 265431 and 309?
309
What is the highest common divisor of 413384 and 3272?
8
What is the highest common divisor of 792878366 and 427?
427
What is the highest common factor of 5943964 and 687050?
3926
Calculate the greatest common factor of 358 and 179587478.
358
What is the highest common divisor of 1422 and 59142?
6
What is the greatest common divisor of 1112759 and 2349?
29
Calculate the highest common factor of 25 and 27831850.
25
Calculate the highest common factor of 127 and 4326064627.
127
What is the greatest common factor of 5162 and 317666?
58
Calculate the greatest common factor of 39798 and 174042.
594
Calculate the greatest common divisor of 24290 and 128310.
70
Calculate the highest common divisor of 96799472 and 41888.
1232
Calculate the greatest common divisor of 36562625 and 1925.
275
What is the highest common factor of 291278 and 819?
13
What is the highest common factor of 76510732 and 2977?
229
Calculate the greatest common factor of 7736 and 1103584.
8
Calculate the highest common divisor of 45 and 7111965.
15
What is the highest common divisor of 3263912 and 1630?
326
What is the highest common factor of 69231315 and 8994?
4497
What is the greatest common factor of 26946900 and 1623450?
11850
Calculate the greatest common divisor of 17112731 and 193.
193
What is the highest common factor of 24532785 and 31875?
255
What is the greatest common factor of 30522 and 11910?
6
Calculate the greatest common factor of 315871576 and 1631.
233
Calculate the highest common factor of 86660 and 1720180.
140
Calculate the greatest common factor of 6 and 22930086.
6
What is the greatest common divisor of 1095 and 46660505?
365
What is the greatest common divisor of 82 and 14035694?
82
Calculate the highest common factor of 729970 and 5250.
10
Calculate the greatest common factor of 30412459 and 77.
77
Calculate the highest common divisor of 91 and 388675.
7
What is the highest common factor of 811454592 and 8268?
8268
Calculate the highest common factor of 5212676 and 39950.
1598
Calculate the highest common factor of 4068860 and 72991.
1553
Calculate the highest common divisor of 54484548 and 639.
213
Calculate the highest common divisor of 26284 and 250.
2
What is the greatest common factor of 7260 and 191281640?
2420
What is the greatest common factor of 1916 and 106472120?
1916
Calculate the highest common divisor of 63041 and 3857484.
521
Calculate the greatest common divisor of 292824 and 303016.
392
What is the greatest common divisor of 4738 and 18469?
23
What is the greatest common divisor of 640724 and 12348?
1372
What is the greatest common factor of 960 and 1329120?
480
What is the greatest common divisor of 555975 and 177975?
1575
What is the greatest common factor of 10790 and 18556642?
2158
Calculate the greatest common factor of 79135932 and 199.
199
Calculate the greatest common divisor of 115340758 and 26.
26
Calculate the highest common divisor of 163324714 and 14.
14
What is the highest common factor of 108117 and 172323?
369
What is the highest common factor of 169403 and 425126?
1079
What is the highest common factor of 1258 and 267822539?
629
What is the greatest common factor of 368 and 286534?
46
Calculate the highest common divisor of 41444 and 3095404.
52
What is the highest common divisor of 720 and 330555240?
360
Calculate the highest common factor of 4362435 and 7029.
99
What is the greatest common factor of 114333387 and 35?
7
What is the highest common divisor of 345 and 32248875?
345
Calculate the greatest common factor of 838 and 462508122.
838
Calculate the highest common divisor of 51591 and 25578.
87
Calculate the highest common divisor of 303406492 and 1011.
337
Calculate the highest common divisor of 378875 and 37975.
175
What is the highest common factor of 12410 and 2160435?
365
Calculate the highest common divisor of 291 and 403076613.
291
Calculate the greatest common factor of 7015 and 2636835.
115
Calculate the greatest common factor of 56672 and 459844.
308
Calculate the highest common factor of 190848 and 98812.
28
What is the greatest common divisor of 4351 and 155401?
19
What is the greatest common factor of 548608 and 24064?
256
What is the greatest common divisor of 7328 and 593665096?
1832
Calculate the greatest common divisor of 3 and 541213.
1
What is the greatest common divisor of 5222654372 and 17212?
17212
What is the highest common divisor of 1884 and 31236?
12
What is the greatest common factor of 336303827 and 211?
211
Calculate the highest common factor of 26522782 and 11440.
286
Calculate the greatest common factor of 78950193 and 9933.
903
What is the greatest common divisor of 14094 and 205185150?
4698
What is the highest common divisor of 4039 and 1179917109?
4039
What is the greatest common factor of 4114104 and 6888?
984
Calculate the greatest common factor of 16 and 33288936.
8
What is the highest common divisor of 2853083 and 5?
1
What is the greatest common factor of 494007033 and 52?
13
Calculate the greatest common factor of 1708 and 5104236.
244
What is the greatest common factor of 24 and 44174648?
8
Calculate the greatest common divisor of 1865017 and 47488.
371
Calculate the highest common divisor of 1683 and 5945852.
187
What is the highest common factor of 85519 and 280?
7
What is the greatest common factor of 5668 and 8515?
13
Calculate the highest common factor of 3667283 and 19222.
1373
Calculate the highest common divisor of 11888 and 139504.
16
What is the greatest common factor of 51 and 13356883?
17
What is the highest common factor of 4976319 and 21533?
61
Calculate the greatest common divisor of 2273 and 18040801.
2273
Calculate the greatest common factor of 480 and 3426870.
30
Calculate the greatest common divisor of 15 and 106134285.
15
What is the greatest common divisor of 2650 and 1703396150?
2650
What is the highest common factor of 385 and 74898670?
385
What is the highest common divisor of 720 and 32473200?
240
What is the greatest common factor of 4117953 and 471?
471
Calculate the greatest common divisor of 848904 and 178056.
24
What is the highest common divisor of 5273181 and 135?
27
Calculate the highest common factor of 2401 and 22267.
7
Calculate the highest common divisor of 752 and 86339.
47
What is the highest common factor of 72 and 5960124?
36
What is the greatest common factor of 175 and 2722321?
7
What is the greatest common divisor of 32603220 and 520?
260
What is the greatest common divisor of 89298 and 30241530?
2178
Calculate the highest common divisor of 763551 and 1548.
387
What is the highest common factor of 441689 and 16274?
79
What is the highest common factor of 85959720 and 1584?
792
Calculate the highest common divisor of 440 and 50312.
8
What is the greatest common factor of 83 and 134222537?
83
Calculate the greatest common factor of 116650 and 3050.
50
What is the greatest common divisor of 1 and 1089703?
1
What is the highest common factor of 3752559665 and 235?
235
What is the greatest common factor of 30 and 40049070?
30
What is the highest common divisor of 9627156 and 110?
22
Calculate the greatest common divisor of 78375 and 2409.
33
What is the highest common factor of 935 and 2381225?
55
What is the greatest common factor of 120 and 135042870?
30
What is the greatest common divisor of 2148 and 9479840?
716
What is the highest common divisor of 124207 and 7685?
29
What is the highest common factor of 48802 and 38692478?
3754
What is the highest common divisor of 722245759 and 43?
43
What is the highest common factor of 466204 a